{"id":18,"date":"2026-02-16T17:52:41","date_gmt":"2026-02-16T17:52:41","guid":{"rendered":"https:\/\/www.bazform.com\/?page_id=18"},"modified":"2026-02-21T17:16:23","modified_gmt":"2026-02-21T17:16:23","slug":"blok","status":"publish","type":"page","link":"https:\/\/www.bazform.com\/","title":{"rendered":""},"content":{"rendered":"\n<!-- BAZFORM \/ STABLE VIEW (NO ANIM, NO CUT) -->\n\n<script type=\"module\" src=\"https:\/\/unpkg.com\/@google\/model-viewer\/dist\/model-viewer.min.js\"><\/script>\n<script nomodule src=\"https:\/\/unpkg.com\/@google\/model-viewer\/dist\/model-viewer-legacy.js\"><\/script>\n\n<style>\n  .bz3d-wrap{\n    background:#F2EEEA;\n    height: calc(100vh - 0px);\n    min-height: 520px;\n    display:flex;\n    align-items:center;\n    justify-content:center;\n    overflow:hidden;\n  }\n\n  \/* Model boyutu: masa\u00fcst\u00fcnde b\u00fcy\u00fck, mobilde ta\u015fmadan *\/\n  .bz3d-wrap model-viewer{\n    width: min(92vw, 980px);\n    height: min(82vh, 820px);\n    display:block;\n    background:transparent;\n    --progress-bar-color: transparent;\n  }\n\n  \/* Admin bar varsa \u00fcstte ta\u015fmas\u0131n diye *\/\n  @media (min-width: 783px){\n    .bz3d-wrap{ height: calc(100vh - 32px); }\n  }\n<\/style>\n\n<div class=\"bz3d-wrap\">\n  <model-viewer\n    src=\"https:\/\/www.bazform.com\/wp-content\/uploads\/BLOKglb.glb\"\n    loading=\"eager\"\n    reveal=\"auto\"\n    exposure=\"1.05\"\n    environment-image=\"neutral\"\n    shadow-intensity=\"0.8\"\n    interaction-prompt=\"none\"\n    camera-controls\n    disable-zoom\n    disable-pan\n\n    \/* \u00d6NEML\u0130: modelin taban\u0131 kesilmesin diye target yukar\u0131 *\/\n    camera-target=\"0m 0.14m 0m\"\n\n    \/* Boyut: b\u00fcy\u00fck g\u00f6r\u00fcnmesi i\u00e7in d\u00fc\u015f\u00fck FOV + yak\u0131n orbit *\/\n    field-of-view=\"28deg\"\n    camera-orbit=\"0deg 62deg 1.25m\"\n\n    \/* Modelin \u201cyan gelme\u201d durumunu burada d\u00fczelt *\/\n    orientation=\"0deg 0deg 0deg\"\n  ><\/model-viewer>\n<\/div>\n\n\n\n<p class=\"wp-block-paragraph\"><\/p>\n\n\n\n<p class=\"wp-block-paragraph\"><\/p>\n","protected":false},"excerpt":{"rendered":"","protected":false},"author":1,"featured_media":0,"parent":0,"menu_order":0,"comment_status":"closed","ping_status":"closed","template":"","meta":{"_crdt_document":"","site-sidebar-layout":"no-sidebar","site-content-layout":"","ast-site-content-layout":"full-width-container","site-content-style":"default","site-sidebar-style":"default","ast-global-header-display":"","ast-banner-title-visibility":"","ast-main-header-display":"","ast-hfb-above-header-display":"","ast-hfb-below-header-display":"","ast-hfb-mobile-header-display":"","site-post-title":"disabled","ast-breadcrumbs-content":"","ast-featured-img":"","footer-sml-layout":"","ast-disable-related-posts":"","theme-transparent-header-meta":"enabled","adv-header-id-meta":"","stick-header-meta":"","header-above-stick-meta":"","header-main-stick-meta":"","header-below-stick-meta":"","astra-migrate-meta-layouts":"default","ast-page-background-enabled":"default","ast-page-background-meta":{"desktop":{"background-color":"var(--ast-global-color-5)","background-image":"","background-repeat":"repeat","background-position":"center center","background-size":"auto","background-attachment":"scroll","background-type":"","background-media":"","overlay-type":"","overlay-color":"","overlay-opacity":"","overlay-gradient":""},"tablet":{"background-color":"","background-image":"","background-repeat":"repeat","background-position":"center center","background-size":"auto","background-attachment":"scroll","background-type":"","background-media":"","overlay-type":"","overlay-color":"","overlay-opacity":"","overlay-gradient":""},"mobile":{"background-color":"","background-image":"","background-repeat":"repeat","background-position":"center center","background-size":"auto","background-attachment":"scroll","background-type":"","background-media":"","overlay-type":"","overlay-color":"","overlay-opacity":"","overlay-gradient":""}},"ast-content-background-meta":{"desktop":{"background-color":"var(--ast-global-color-4)","background-image":"","background-repeat":"repeat","background-position":"center center","background-size":"auto","background-attachment":"scroll","background-type":"","background-media":"","overlay-type":"","overlay-color":"","overlay-opacity":"","overlay-gradient":""},"tablet":{"background-color":"var(--ast-global-color-4)","background-image":"","background-repeat":"repeat","background-position":"center center","background-size":"auto","background-attachment":"scroll","background-type":"","background-media":"","overlay-type":"","overlay-color":"","overlay-opacity":"","overlay-gradient":""},"mobile":{"background-color":"var(--ast-global-color-4)","background-image":"","background-repeat":"repeat","background-position":"center center","background-size":"auto","background-attachment":"scroll","background-type":"","background-media":"","overlay-type":"","overlay-color":"","overlay-opacity":"","overlay-gradient":""}},"footnotes":""},"class_list":["post-18","page","type-page","status-publish","hentry"],"jetpack_sharing_enabled":true,"_links":{"self":[{"href":"https:\/\/www.bazform.com\/index.php\/wp-json\/wp\/v2\/pages\/18","targetHints":{"allow":["GET"]}}],"collection":[{"href":"https:\/\/www.bazform.com\/index.php\/wp-json\/wp\/v2\/pages"}],"about":[{"href":"https:\/\/www.bazform.com\/index.php\/wp-json\/wp\/v2\/types\/page"}],"author":[{"embeddable":true,"href":"https:\/\/www.bazform.com\/index.php\/wp-json\/wp\/v2\/users\/1"}],"replies":[{"embeddable":true,"href":"https:\/\/www.bazform.com\/index.php\/wp-json\/wp\/v2\/comments?post=18"}],"version-history":[{"count":57,"href":"https:\/\/www.bazform.com\/index.php\/wp-json\/wp\/v2\/pages\/18\/revisions"}],"predecessor-version":[{"id":133,"href":"https:\/\/www.bazform.com\/index.php\/wp-json\/wp\/v2\/pages\/18\/revisions\/133"}],"wp:attachment":[{"href":"https:\/\/www.bazform.com\/index.php\/wp-json\/wp\/v2\/media?parent=18"}],"curies":[{"name":"wp","href":"https:\/\/api.w.org\/{rel}","templated":true}]}}